{"id":192,"date":"2025-01-06T20:51:48","date_gmt":"2025-01-06T19:51:48","guid":{"rendered":"https:\/\/uniqueer.aau.at\/?page_id=192"},"modified":"2026-02-19T15:40:46","modified_gmt":"2026-02-19T14:40:46","slug":"die-buntmeisen","status":"publish","type":"page","link":"https:\/\/uniqueer.aau.at\/index.php\/die-buntmeisen\/","title":{"rendered":"Die Buntmeisen"},"content":{"rendered":"\n<figure class=\"wp-block-image size-large\"><img loading=\"lazy\" decoding=\"async\" width=\"700\" height=\"467\" src=\"https:\/\/uniqueer.aau.at\/wp-content\/uploads\/2025\/07\/DSC_0198-700x467.jpg\" alt=\"\" class=\"wp-image-227\" srcset=\"https:\/\/uniqueer.aau.at\/wp-content\/uploads\/2025\/07\/DSC_0198-700x467.jpg 700w, https:\/\/uniqueer.aau.at\/wp-content\/uploads\/2025\/07\/DSC_0198-300x200.jpg 300w, https:\/\/uniqueer.aau.at\/wp-content\/uploads\/2025\/07\/DSC_0198-768x512.jpg 768w, https:\/\/uniqueer.aau.at\/wp-content\/uploads\/2025\/07\/DSC_0198-1536x1024.jpg 1536w, https:\/\/uniqueer.aau.at\/wp-content\/uploads\/2025\/07\/DSC_0198-2048x1365.jpg 2048w, https:\/\/uniqueer.aau.at\/wp-content\/uploads\/2025\/07\/DSC_0198-800x533.jpg 800w\" sizes=\"auto, (max-width: 700px) 100vw, 700px\" \/><\/figure>\n\n\n\n<p><\/p>\n\n\n\n<p class=\"MsoNormal\">Seit Mitte November 2024 gibt es in Klagenfurt\/Celovec einen queer-friendly Chor! Er nennt sich &#8220;Die Buntmeisen &#8211; Vermischter Chor Klagenfurt f\u00fcr queers &amp; friends&#8221;.\u00a0Der Chor steht allen Menschen, die Freude am Singen haben, offen. Er hat es sich allerdings zur Aufgabe gemacht, queere Menschen und die in K\u00e4rnten gelebte Diversit\u00e4t sichtbar(er) zu machen, queere Personen zu vernetzen und den Austausch, den Respekt und das Miteinander zwischen den Menschen durch Musik und Singen zu f\u00f6rdern.\u00a0<\/p>\n\n\n\n<p class=\"MsoNormal\">Geprobt wird <strong>dienstags\u00a0von 18:45-20:45 Uhr an der Universit\u00e4t Klagenfurt<\/strong>, die Leitung des Chores hat <a href=\"http:\/\/www.benjaminslamanig.com\" target=\"_blank\" rel=\"noreferrer noopener\">Benjamin Slamanig<\/a>. Das Repertoire des Chores ist ebenso sehr bunt und umfasst die verschiedensten Genres: von Pop und Musical \u00fcber Gospel bis hin zu Klassikern.\u00a0Ein Schnuppertermin bzw. der Einstieg sind jederzeit m\u00f6glich (Anm.:\u00a0Es\u00a0sind keinerlei Vorkenntnisse im Chorsingen oder Notenlesen erforderlich).\u00a0Bei Interesse senden Sie bitte vorab eine formlose Nachricht an\u00a0<strong>buntmeisen@protonmail.com<\/strong>.<\/p>\n\n\n\n<p>\u201eDie Buntmeisen\u201c sind seit Februar 2025 auch offiziell ein Verein, der derzeit ca. 40 Mitglieder z\u00e4hlt. Im ersten Jahr gab es bereits 5 Auftritte: Am Diversit\u00e4tstag der Universit\u00e4t Klagenfurt, beim Pride Prayer in der Johanneskirche, bei der Ausstellungser\u00f6ffnung &#8220;Unsichtbar? Unaufhaltsam!&#8221; im k\u00e4rnten.museum sowie im Rahmen von &#8220;Peace (Education) Now&#8221;, 20 Jahre Zentrum f\u00fcr Friedensforschung und Friedensbildung. Au\u00dferdem veranstalteten &#8220;Die Bunmeisen&#8221; ein Adventskonzert in den Kammerlichtspielen. Dort wurden auch f\u00fcr den Verein <a href=\"https:\/\/aspis.aau.at\">ASPIS<\/a> Spenden gesammelt. <\/p>\n\n\n\n<p class=\"MsoNormal\">Das Projekt wurde von Uniqueer mitinitiiert und wir sehen es als gro\u00dfe Bereicherung &#8211; nicht nur f\u00fcr die Stadt Klagenfurt\/Celovec sondern auch f\u00fcr die Uni-Community. Wir m\u00f6chten Sie herzlich dazu einladen, mitzusingen und\/oder diese Informationen an interessierte Personen weiterzuleiten.<\/p>\n\n\n\n<p><strong>Wie k\u00f6nnen Sie die Buntmeisen noch unterst\u00fctzen?<\/strong><\/p>\n\n\n\n<p>Wenn Sie selbst nicht so gerne singen, &#8220;Die Buntmeisen&#8221; aber dennoch unterst\u00fctzen m\u00f6chten, werden Sie zur \u201eFreundschaftsmeise\u201c (d.h. zum au\u00dferordentlichen F\u00f6rdermitglied). Als Dank f\u00fcr Ihre Unterst\u00fctzung erhalten Sie exklusive News und Soundbites.\u00a0Alternativ k\u00f6nnen Sie als &#8220;F\u00f6rdermeise&#8221; den Verein mit einer einmaligen Spende unterst\u00fctzen. Als gemeinn\u00fctziger Verein sind Spenden und Beitr\u00e4ge ein wichtiger Teil der Finanzierung und wesentlich f\u00fcr die Planung. Weitere Informationen finden Sie im Informationsblatt. \u00a0<\/p>\n\n\n\n<div data-wp-interactive=\"core\/file\" class=\"wp-block-file\"><object data-wp-bind--hidden=\"!state.hasPdfPreview\" hidden class=\"wp-block-file__embed\" data=\"https:\/\/uniqueer.aau.at\/wp-content\/uploads\/2026\/02\/Fordermeisen_Sponsoring-Information.pdf\" type=\"application\/pdf\" style=\"width:100%;height:600px\" aria-label=\"Embed of F\u00f6rdermeisen_Sponsoring-Information.\"><\/object><a id=\"wp-block-file--media-7d4c561f-af9f-4b9a-8de4-082c5474be05\" href=\"https:\/\/uniqueer.aau.at\/wp-content\/uploads\/2026\/02\/Fordermeisen_Sponsoring-Information.pdf\">F\u00f6rdermeisen_Sponsoring-Information<\/a><a href=\"https:\/\/uniqueer.aau.at\/wp-content\/uploads\/2026\/02\/Fordermeisen_Sponsoring-Information.pdf\" class=\"wp-block-file__button wp-element-button\" download aria-describedby=\"wp-block-file--media-7d4c561f-af9f-4b9a-8de4-082c5474be05\">Download<\/a><\/div>\n\n\n\n<hr class=\"wp-block-separator has-alpha-channel-opacity\"\/>\n\n\n\n<p><\/p>\n\n\n\n<p>In November 2024 a new choir called \u201cDie Buntmeisen &#8211; Vermischter Chor Klagenfurt f\u00fcr queers &amp; friends\u201d was formed in Klagenfurt\/Celovec. \u201cDie Buntmeisen\u201d is a choir for all people who enjoy singing. Yet, the choir aims at making queer people and the lived diversity of Carinthia (more) visible, bringing people together and fostering exchange, respect and community between (non-)queer people through music and singing.&nbsp;<\/p>\n\n\n\n<p>Weekly practices are held <strong>Tuesday evenings from 6.45 p.m. to 8.45 p.m. at the University of Klagenfurt.<\/strong> The choir is directed by <a href=\"http:\/\/www.benjaminslamanig.com\" target=\"_blank\" rel=\"noreferrer noopener\">Benjamin Slamanig<\/a>, and its repertoire will be colorfully diverse and include many different genres such as pop, musicals or gospels. If you want to stop by to check things out or if you would like to join us, please do! No experience in choral singing or reading notes is expected. If you\u2019re interested, please send an e-mail to buntmeisen@protonmail.com to find out more.<\/p>\n\n\n\n<p>\u201cDie Buntmeisen\u201d officially became a club in February 2025. It has currently 40 members. In the first year,  there have already been 5 performances: At the University of Klagenfurt&#8217;s Diversity Day, at the Pride Prayer at the opening of the exhibition &#8220;Unischtbar? Unaufhaltsam!\u201c at the k\u00e4rnten.museum and as part of \u201dPeace (Education) Now&#8221;, celebrating 20 years of the Center for Peace Research and Peace Education. In November 2025, the choir organized its own Christmas concert at the Kammerlichtspiele in Klagenfurt. During the concert, donations for <a href=\"https:\/\/aspis.aau.at\">APSIS<\/a> were collected as well.<\/p>\n\n\n\n<p>Uniqueer helped start the choir, and we see it as an invaluable, enriching opportunity not only for Klagenfurt\/Celovec but also for the university community. So, please join if you\u2019re interested or pass along the information to others that also might be interested.<\/p>\n\n\n\n<p><strong>How else can you support the Buntmeisen?<\/strong><\/p>\n\n\n\n<p>If you don&#8217;t like singing yourself, but would still like to support \u201cDie Buntmeisen\u201d, become a \u201cFreundschaftsmeise\u201d (an extraordinary member). As a thank you, you will receive exclusive news and soundbites. Alternatively, you can become a &#8220;F\u00f6rdermeise&#8221; and support the club with a one-off donation. As a non-profit organization, donations and contributions are an important part of the financing and are essential for planning future projects. If you need more information. Please send us an e-mail to buntmeisen@protonmail.com. <\/p>\n\n\n\n<figure class=\"wp-block-image size-large\"><img loading=\"lazy\" decoding=\"async\" width=\"700\" height=\"467\" src=\"https:\/\/uniqueer.aau.at\/wp-content\/uploads\/2025\/07\/DSC_0212-700x467.jpg\" alt=\"\" class=\"wp-image-232\" srcset=\"https:\/\/uniqueer.aau.at\/wp-content\/uploads\/2025\/07\/DSC_0212-700x467.jpg 700w, https:\/\/uniqueer.aau.at\/wp-content\/uploads\/2025\/07\/DSC_0212-300x200.jpg 300w, https:\/\/uniqueer.aau.at\/wp-content\/uploads\/2025\/07\/DSC_0212-768x512.jpg 768w, https:\/\/uniqueer.aau.at\/wp-content\/uploads\/2025\/07\/DSC_0212-1536x1024.jpg 1536w, https:\/\/uniqueer.aau.at\/wp-content\/uploads\/2025\/07\/DSC_0212-2048x1365.jpg 2048w, https:\/\/uniqueer.aau.at\/wp-content\/uploads\/2025\/07\/DSC_0212-800x533.jpg 800w\" sizes=\"auto, (max-width: 700px) 100vw, 700px\" \/><\/figure>\n","protected":false},"excerpt":{"rendered":"<p>Seit Mitte November 2024 gibt es in Klagenfurt\/Celovec einen queer-friendly Chor! Er nennt sich &#8220;Die Buntmeisen &#8211; Vermischter Chor Klagenfurt f\u00fcr queers &amp; friends&#8221;.\u00a0Der Chor steht allen Menschen, die Freude am Singen haben, offen. Er hat es sich allerdings zur Aufgabe gemacht, queere Menschen und die in K\u00e4rnten gelebte Diversit\u00e4t sichtbar(er) zu machen, queere Personen&#8230;<\/p>\n","protected":false},"author":1,"featured_media":0,"parent":0,"menu_order":0,"comment_status":"closed","ping_status":"closed","template":"","meta":{"footnotes":""},"class_list":["post-192","page","type-page","status-publish","hentry"],"_links":{"self":[{"href":"https:\/\/uniqueer.aau.at\/index.php\/wp-json\/wp\/v2\/pages\/192","targetHints":{"allow":["GET"]}}],"collection":[{"href":"https:\/\/uniqueer.aau.at\/index.php\/wp-json\/wp\/v2\/pages"}],"about":[{"href":"https:\/\/uniqueer.aau.at\/index.php\/wp-json\/wp\/v2\/types\/page"}],"author":[{"embeddable":true,"href":"https:\/\/uniqueer.aau.at\/index.php\/wp-json\/wp\/v2\/users\/1"}],"replies":[{"embeddable":true,"href":"https:\/\/uniqueer.aau.at\/index.php\/wp-json\/wp\/v2\/comments?post=192"}],"version-history":[{"count":13,"href":"https:\/\/uniqueer.aau.at\/index.php\/wp-json\/wp\/v2\/pages\/192\/revisions"}],"predecessor-version":[{"id":280,"href":"https:\/\/uniqueer.aau.at\/index.php\/wp-json\/wp\/v2\/pages\/192\/revisions\/280"}],"wp:attachment":[{"href":"https:\/\/uniqueer.aau.at\/index.php\/wp-json\/wp\/v2\/media?parent=192"}],"curies":[{"name":"wp","href":"https:\/\/api.w.org\/{rel}","templated":true}]}}

<figure class="wp-block-image size-large"><img loading="lazy" decoding="async" width="700" height="467" src="https://uniqueer.aau.at/wp-content/uploads/2025/07/DSC_0198-700x467.jpg" alt="" class="wp-image-227" srcset="https://uniqueer.aau.at/wp-content/uploads/2025/07/DSC_0198-700x467.jpg 700w, https://uniqueer.aau.at/wp-content/uploads/2025/07/DSC_0198-300x200.jpg 300w, https://uniqueer.aau.at/wp-content/uploads/2025/07/DSC_0198-768x512.jpg 768w, https://uniqueer.aau.at/wp-content/uploads/2025/07/DSC_0198-1536x1024.jpg 1536w, https://uniqueer.aau.at/wp-content/uploads/2025/07/DSC_0198-2048x1365.jpg 2048w, https://uniqueer.aau.at/wp-content/uploads/2025/07/DSC_0198-800x533.jpg 800w" sizes="auto, (max-width: 700px) 100vw, 700px" /></figure>



<p></p>



<p class="MsoNormal">Seit Mitte November 2024 gibt es in Klagenfurt/Celovec einen queer-friendly Chor! Er nennt sich &#8220;Die Buntmeisen &#8211; Vermischter Chor Klagenfurt für queers &amp; friends&#8221;. Der Chor steht allen Menschen, die Freude am Singen haben, offen. Er hat es sich allerdings zur Aufgabe gemacht, queere Menschen und die in Kärnten gelebte Diversität sichtbar(er) zu machen, queere Personen zu vernetzen und den Austausch, den Respekt und das Miteinander zwischen den Menschen durch Musik und Singen zu fördern. </p>



<p class="MsoNormal">Geprobt wird <strong>dienstags von 18:45-20:45 Uhr an der Universität Klagenfurt</strong>, die Leitung des Chores hat <a href="http://www.benjaminslamanig.com" target="_blank" rel="noreferrer noopener">Benjamin Slamanig</a>. Das Repertoire des Chores ist ebenso sehr bunt und umfasst die verschiedensten Genres: von Pop und Musical über Gospel bis hin zu Klassikern. Ein Schnuppertermin bzw. der Einstieg sind jederzeit möglich (Anm.: Es sind keinerlei Vorkenntnisse im Chorsingen oder Notenlesen erforderlich). Bei Interesse senden Sie bitte vorab eine formlose Nachricht an <strong>buntmeisen@protonmail.com</strong>.</p>



<p>„Die Buntmeisen“ sind seit Februar 2025 auch offiziell ein Verein, der derzeit ca. 40 Mitglieder zählt. Im ersten Jahr gab es bereits 5 Auftritte: Am Diversitätstag der Universität Klagenfurt, beim Pride Prayer in der Johanneskirche, bei der Ausstellungseröffnung &#8220;Unsichtbar? Unaufhaltsam!&#8221; im kärnten.museum sowie im Rahmen von &#8220;Peace (Education) Now&#8221;, 20 Jahre Zentrum für Friedensforschung und Friedensbildung. Außerdem veranstalteten &#8220;Die Bunmeisen&#8221; ein Adventskonzert in den Kammerlichtspielen. Dort wurden auch für den Verein <a href="https://aspis.aau.at">ASPIS</a> Spenden gesammelt. </p>



<p class="MsoNormal">Das Projekt wurde von Uniqueer mitinitiiert und wir sehen es als große Bereicherung &#8211; nicht nur für die Stadt Klagenfurt/Celovec sondern auch für die Uni-Community. Wir möchten Sie herzlich dazu einladen, mitzusingen und/oder diese Informationen an interessierte Personen weiterzuleiten.</p>



<p><strong>Wie können Sie die Buntmeisen noch unterstützen?</strong></p>



<p>Wenn Sie selbst nicht so gerne singen, &#8220;Die Buntmeisen&#8221; aber dennoch unterstützen möchten, werden Sie zur „Freundschaftsmeise“ (d.h. zum außerordentlichen Fördermitglied). Als Dank für Ihre Unterstützung erhalten Sie exklusive News und Soundbites. Alternativ können Sie als &#8220;Fördermeise&#8221; den Verein mit einer einmaligen Spende unterstützen. Als gemeinnütziger Verein sind Spenden und Beiträge ein wichtiger Teil der Finanzierung und wesentlich für die Planung. Weitere Informationen finden Sie im Informationsblatt.  </p>



<div data-wp-interactive="core/file" class="wp-block-file"><object data-wp-bind--hidden="!state.hasPdfPreview" hidden class="wp-block-file__embed" data="https://uniqueer.aau.at/wp-content/uploads/2026/02/Fordermeisen_Sponsoring-Information.pdf" type="application/pdf" style="width:100%;height:600px" aria-label="Embed of Fördermeisen_Sponsoring-Information."></object><a id="wp-block-file--media-7d4c561f-af9f-4b9a-8de4-082c5474be05" href="https://uniqueer.aau.at/wp-content/uploads/2026/02/Fordermeisen_Sponsoring-Information.pdf">Fördermeisen_Sponsoring-Information</a><a href="https://uniqueer.aau.at/wp-content/uploads/2026/02/Fordermeisen_Sponsoring-Information.pdf" class="wp-block-file__button wp-element-button" download aria-describedby="wp-block-file--media-7d4c561f-af9f-4b9a-8de4-082c5474be05">Download</a></div>



<hr class="wp-block-separator has-alpha-channel-opacity"/>



<p></p>



<p>In November 2024 a new choir called “Die Buntmeisen &#8211; Vermischter Chor Klagenfurt für queers &amp; friends” was formed in Klagenfurt/Celovec. “Die Buntmeisen” is a choir for all people who enjoy singing. Yet, the choir aims at making queer people and the lived diversity of Carinthia (more) visible, bringing people together and fostering exchange, respect and community between (non-)queer people through music and singing.&nbsp;</p>



<p>Weekly practices are held <strong>Tuesday evenings from 6.45 p.m. to 8.45 p.m. at the University of Klagenfurt.</strong> The choir is directed by <a href="http://www.benjaminslamanig.com" target="_blank" rel="noreferrer noopener">Benjamin Slamanig</a>, and its repertoire will be colorfully diverse and include many different genres such as pop, musicals or gospels. If you want to stop by to check things out or if you would like to join us, please do! No experience in choral singing or reading notes is expected. If you’re interested, please send an e-mail to buntmeisen@protonmail.com to find out more.</p>



<p>“Die Buntmeisen” officially became a club in February 2025. It has currently 40 members. In the first year,  there have already been 5 performances: At the University of Klagenfurt&#8217;s Diversity Day, at the Pride Prayer at the opening of the exhibition &#8220;Unischtbar? Unaufhaltsam!“ at the kärnten.museum and as part of ”Peace (Education) Now&#8221;, celebrating 20 years of the Center for Peace Research and Peace Education. In November 2025, the choir organized its own Christmas concert at the Kammerlichtspiele in Klagenfurt. During the concert, donations for <a href="https://aspis.aau.at">APSIS</a> were collected as well.</p>



<p>Uniqueer helped start the choir, and we see it as an invaluable, enriching opportunity not only for Klagenfurt/Celovec but also for the university community. So, please join if you’re interested or pass along the information to others that also might be interested.</p>



<p><strong>How else can you support the Buntmeisen?</strong></p>



<p>If you don&#8217;t like singing yourself, but would still like to support “Die Buntmeisen”, become a “Freundschaftsmeise” (an extraordinary member). As a thank you, you will receive exclusive news and soundbites. Alternatively, you can become a &#8220;Fördermeise&#8221; and support the club with a one-off donation. As a non-profit organization, donations and contributions are an important part of the financing and are essential for planning future projects. If you need more information. Please send us an e-mail to buntmeisen@protonmail.com. </p>



<figure class="wp-block-image size-large"><img loading="lazy" decoding="async" width="700" height="467" src="https://uniqueer.aau.at/wp-content/uploads/2025/07/DSC_0212-700x467.jpg" alt="" class="wp-image-232" srcset="https://uniqueer.aau.at/wp-content/uploads/2025/07/DSC_0212-700x467.jpg 700w, https://uniqueer.aau.at/wp-content/uploads/2025/07/DSC_0212-300x200.jpg 300w, https://uniqueer.aau.at/wp-content/uploads/2025/07/DSC_0212-768x512.jpg 768w, https://uniqueer.aau.at/wp-content/uploads/2025/07/DSC_0212-1536x1024.jpg 1536w, https://uniqueer.aau.at/wp-content/uploads/2025/07/DSC_0212-2048x1365.jpg 2048w, https://uniqueer.aau.at/wp-content/uploads/2025/07/DSC_0212-800x533.jpg 800w" sizes="auto, (max-width: 700px) 100vw, 700px" /></figure>

<p>Seit Mitte November 2024 gibt es in Klagenfurt/Celovec einen queer-friendly Chor! Er nennt sich &#8220;Die Buntmeisen &#8211; Vermischter Chor Klagenfurt für queers &amp; friends&#8221;. Der Chor steht allen Menschen, die Freude am Singen haben, offen. Er hat es sich allerdings zur Aufgabe gemacht, queere Menschen und die in Kärnten gelebte Diversität sichtbar(er) zu machen, queere Personen&#8230;</p>
